rmine t(4).
-34
Let s(r) = 171*r + 1563. Calculate s(-8).
195
Let m(w) = -2*w**3 + 87*w**2 + 382*w + 8. What is m(-4)?
0
Let r(o) = -o - 302. Determine r(-59).
-243
Let s(g) = -48*g - 3983. What is s(-83)?
1
Let n(r) = -5956*r - 59556. Give n(-10).
4
Let r(d) = d**2 + 28*d - 52. What is r(-21)?
-199
Let t(q) = -137*q**2 + 8*q + 11. Calculate t(-1).
-134
Let v(c) = -c**2 + 2446*c - 2444. What is v(1)?
1
Let q(y) = 3*y**3 + 2*y**2 - 27*y + 9. Determine q(4).
125
Let r(o) = -208*o**3 - 2*o. What is r(-1)?
210
Let x(l) = 9*l**3 - l**2 + 2*l - 1. Determine x(1).
9
Let z(i) = -9*i + 169. Calculate z(20).
-11
Let w(y) = -97*y - 1644. Give w(-17).
5
Let i(b) = 3*b**3 - 28*b**2 + 62*b + 4. Give i(6).
16
Let t(q) = q**3 + 4*q**2 + 265*q + 1352. Give t(-5).
2
Let d(c) = -3*c**2 + 42*c - 138. Calculate d(7).
9
Let g(y) = -y**3 + 92*y**2 - 263*y - 362. What is g(89)?
-6
Let m(z) = -z**2 + 16*z + 92. Give m(14).
120
Let k(d) = 7*d**2 + 569*d + 162. Calculate k(-81).
0
Let y(n) = -27*n**2 - 298*n - 4. Give y(-11).
7
Let x(k) = -1162*k - 12813. Give x(-11).
-31
Let g(y) = -450*y - 438. Determine g(-1).
12
Let p(d) = -d**2 + 1192*d - 8305. What is p(7)?
-10
Let y(u) = 2*u**3 + 173*u**2 - 266*u - 395. Calculate y(-88).
-219
Let d(w) = -4*w**2 + 256*w + 56. Determine d(67).
-748
Let x(m) = 19*m + 1062. Calculate x(-55).
17
Let j(i) = 195*i + 27694. Give j(-142).
4
Let m(o) = 4*o**2 + 69*o + 303. What is m(-4)?
91
Let f(l) = -98*l + 14094. What is f(144)?
-18
Let t(j) = j**3 + 61*j**2 - 319*j - 12168. Determine t(-63).
-9
Let w(n) = n**3 - 18*n**2 - 19*n - 30. Calculate w(19).
-30
Let c(t) = 25*t**2 + 9*t - 13. Calculate c(3).
239
Let q(s) = s**2 - 12*s - 609. Determine q(32).
31
Let t(x) = -x**3 + 19*x**2 - 75*x + 452. What is t(16)?
20
Let d(f) = 8*f**3 + 13*f**2 - 10*f - 3. What is d(1)?
8
Let c(h) = h**3 + 32*h**2 + 26*h - 28. Determine c(-31).
127
Let d(r) = -r**3 - 54*r**2 - 287*r + 51. Calculate d(-48).
3
Let w(v) = v**3 + 93*v**2 + 1889*v - 60. Calculate w(-63).
3
Let l(g) = -1245*g - 18755. What is l(-15)?
-80
Let v(t) = -7*t**2 + 257*t + 990. What is v(40)?
70
Let p(f) = 62*f - 554. What is p(11)?
128
Let z(x) = -65*x - 949. What is z(-16)?
91
Let c(h) = -39*h - 251. What is c(-7)?
22
Let q(k) = -k**3 - 17*k**2 - 251*k - 2292. Give q(-12).
0
Let l(p) = -p**3 + 82*p**2 + 2414*p + 110. Determine l(105).
5
Let a(d) = -6*d**3 - 7*d**2 + 46*d + 171. Calculate a(-4).
259
Let s(z) = 78*z + 388. Give s(-5).
-2
Let j(l) = 3*l**2 - 285*l - 575. Determine j(-2).
7
Let m(a) = -a**3 + 9*a**2 - 9*a + 13. Give m(4).
57
Let k(a) = -9*a**2 + 265*a + 1059. Determine k(33).
3
Let o(z) = z**3 - 7*z**2 + 9*z - 10. Calculate o(4).
-22
Let v(x) = x**2 - 391*x + 5648. Give v(15).
8
Let v(u) = -12*u**2 - 782*u - 136. Give v(-65).
-6
Let k(b) = b**3 + 7*b**2 + 52*b + 224. Give k(-6).
-52
Let x(l) = l**2 - 196*l + 7487. Calculate x(52).
-1
Let t(c) = -794*c - 11113. Calculate t(-14).
3
Let y(g) = 32*g - 480. What is y(5)?
-320
Let k(s) = -2134*s + 12834. Calculate k(6).
30
Let j(m) = -m**3 + 48*m**2 + 196*m + 6. Determine j(-4).
54
Let f(n) = n**3 + 12*n**2 - 4*n - 67. What is f(-12)?
-19
Let h(j) = -j**2 + 16*j - 27. Determine h(16).
-27
Let w(t) = t**3 - 4*t**2 - 293*t + 96. What is w(19)?
-56
Let f(g) = 13*g**2 - 17*g + 37. Give f(2).
55
Let j(z) = -z**2 - 16*z + 170. Determine j(-22).
38
Let s(u) = 19*u + 17. Determine s(-6).
-97
Let z(g) = -2*g**2 + 13*g + 402. Give z(18).
-12
Let v(c) = c**3 + 27*c**2 + 129*c + 5431. Give v(-29).
8
Let v(k) = -4142*k + 28979. Give v(7).
-15
Let w(m) = -m**3 + 2*m**2 + 67*m + 29. What is w(-7)?
1
Let d(k) = 45*k + 410. Give d(-10).
-40
Let u(h) = -h**2 + 35*h - 158. Determine u(5).
-8
Let w(l) = 3*l**3 - 718*l**2 + 238*l + 225. What is w(239)?
-14
Let d(g) = -g**2 + 14*g - 204. What is d(12)?
-180
Let t(b) = 8*b**2 - 3*b + 121. Calculate t(0).
121
Let j(r) = 2*r**3 - 66*r**2 + r - 55. Calculate j(33).
-22
Let g(l) = 25*l + 35. Calculate g(-11).
-240
Let v(j) = -j**3 - 12*j**2 - j + 5. What is v(-12)?
17
Let g(z) = 1726*z - 22451. Calculate g(13).
-13
Let d(g) = -25*g**2 + 39*g - 77. Determine d(2).
-99
Let h(n) = 5*n**3 - 21*n**2 - 11*n + 14. Determine h(4).
-46
Let n(c) = c**3 + 3*c**2 - 504*c + 41. Give n(-24).
41
Let h(j) = 2203*j - 6605. Calculate h(3).
4
Let l(i) = 271*i + 1133. Calculate l(-4).
49
Let c(a) = -a**2 - 60*a + 248. Determine c(-64).
-8
Let i(c) = 167*c + 177. Calculate i(-2).
-157
Let d(n) = 5*n + 15. Calculate d(19).
110
Let q(m) = -m**2 + 95*m - 1379. Give q(18).
7
Let m(x) = 26*x - 920. Give m(36).
16
Let g(s) = s**2 + 118*s + 2951. Give g(-82).
-1
Let j(f) = -f**3 + 15*f**2 - 11*f + 54. Give j(9).
441
Let v(i) = 117*i**2 - 2342*i + 63. Calculate v(20).
23
Let y(h) = 55*h + 180. Give y(6).
510
Let z(y) = 36*y**3 + 6*y**2 - 8*y + 4. Calculate z(1).
38
Let w(d) = 583*d - 179. What is w(1)?
404
Let h(w) = -2*w**3 - 4*w**2 + 74*w + 331. Give h(-4).
99
Let t(j) = 159*j + 2528. Calculate t(-17).
-175
Let q(o) = 2*o**2 - 8*o - 52. Calculate q(-9).
182
Let w(k) = -2*k**3 + 42*k**2 - 168*k - 90. What is w(7)?
106
Let q(j) = 140*j + 11920. Determine q(-85).
20
Let b(w) = w**2 + 35*w + 205. What is b(-28)?
9
Let q(s) = -s**3 - 2*s**2 + 87*s + 123. Give q(-9).
-93
Let r(z) = -106*z + 1874. What is r(18)?
-34
Let h(a) = a**3 - 50*a**2 - 331*a - 301. Calculate h(56).
-21
Let y(q) = 50*q**2 - 12*q + 11. Give y(3).
425
Let v(r) = 15*r**2 + 246*r - 164. What is v(-17)?
-11
Let u(m) = 2*m**3 + 32*m**2 - 33*m + 5. Give u(-17).
-12
Let g(l) = -3*l**3 + 2*l**2 + 117*l + 116. What is g(-1)?
4
Let v(x) = -x**3 + 273*x**2 + 255*x + 5188. What is v(274)?
-18
Let j(b) = 31*b**2 - 33*b + 32. Determine j(1).
30
Let i(h) = 1394*h - 12547. What is i(9)?
-1
Let v(a) = -12*a**3 + 3*a**2 - 2*a + 14. Give v(3).
-289
Let p(i) = i**3 + 2*i**2 + 9*i + 12. Calculate p(-5).
-108
Let l(h) = -3*h**3 - 41*h**2 - 16*h + 116. Give l(-13).
-14
Let u(r) = -2331*r**2 + 9332*r + 2. What is u(4)?
34
Let v(y) = y**3 - 2*y**2 - 23*y - 143. Determine v(0).
-143
Let p(s) = -s**2 - 2*s + 88. What is p(8)?
8
Let l(b) = b**3 + 11*b**2 + 2*b + 98. Determine l(-12).
-70
Let m(v) = 395*v - 8694. What is m(22)?
-4
Let q(a) = 17*a**3 - 119*a**2 + a - 8. Calculate q(7).
-1
Let z(h) = -10*h + 70. What is z(8)?
-10
Let b(n) = 42*n**2 + 264*n + 27. Give b(-6).
-45
Let k(v) = -v**2 + 29*v + 156. Determine k(31).
94
Let g(a) = -11*a - 313. What is g(-29)?
6
Let h(j) = j**3 + 8*j**2 - 46*j - 262. Determine h(-8).
106
Let u(j) = 2*j**2 - 54*j - 474. Calculate u(-7).
2
Let b(y) = -810*y**2 + 1624*y - 10. What is b(2)?
-2
Let d(s) = -s**2 + 31*s - 62. Calculate d(30).
-32
Let g(q) = 2*q**3 + 99*q**2 - 271*q - 573. Calculate g(-52).
-1
Let y(b) = 347*b**2 + 41*b - 40. What is y(1)?
348
Let f(i) = -i**2 + 33*i - 146. What is f(12)?
106
Let c(p) = -p - 57. What is c(-59)?
2
Let m(u) = -u**2 + 20*u + 136. Determine m(-9).
-125
Let b(d) = -62*d**2 - 568*d - 52. What is b(-9)?
38
Let r(q) = q**3 + 8*q**2 + 9*q + 17. Calculate r(-6).
35
Let g(v) = -45*v + 492. Determine g(13).
-93
Let h(a) = 152*a - 931. Calculate h(6).
-19
Let x(l) = -l**2 + 19*l - 91. Give x(10).
-1
Let u(d) = -64*d + 103. Determine u(2).
-25
Let p(r) = -r**3 + 4*r**2 + 52*r - 202. Give p(4).
6
Let v(t) = -7*t**2 + 23*t + 59. Determine v(-3).
-73
Let q(l) = -l**2 - 142*l + 2654. Give q(16).
126
Let o(j) = -209*j**2 + 12*j + 11. Give o(-1).
-210
Let i(p) = -p**3 + 129*p**2 - 261*p + 872. Give i(127).
-17
Let j(k) = 11*k + 502. Give j(-37).
95
Let h(a) = a**3 + 9*a**2 - 77*a - 645. Determine h(-10).
25
Let a(k) = 136*k**2 + 700. Give a(0).
700
Let v(u) = -2*u**3 + 46*u**2 - 26*u - 166. Determine v(22).
230
Let o(f) = 2*f**2 + 68*f - 232. Give o(-37).
-10
Let v(i) = -454*i + 4538. Calculate v(10).
-2
Let s(d) = -d**3 + d**2 + 14*d + 7. Give s(0).
7
Let l(p) = 4491*p - 8943. Calculate l(2).
39
Let b(d) = 2*d**2 - 66*d + 125. Determine b(31).
1
Let z(l) = -3*l**2 + 21*l + 43. What is z(-4)?
-89
Let u(p) = p**2 - 86*p + 627. What is u(8)?
3
Let v(g) = g**2 - 36*g - 255. What is v(41)?
-50
Let q(p) = 4*p**3 - 198*p**2 - 518*p - 114. Determine q(52).
-10
Let k(o) = 39*o + 68. Calculate k(-9).
-283
Let u(a) = 494*a + 425. Give u(-3).
-1057
Let r(x) = -8*x**2 + 242*x + 168. Determine r(31).
-18
Let p(v) = -143*v + 1974. Determine p(